236
Let u(n) = -140*n**2 + 1958*n - 7. Determine u(14).
-35
Let l(w) = w**3 - 11*w**2 + 7*w - 6. Calculate l(11).
71
Let t(b) = 16*b**3 - 2*b**2 + 305*b - 303. Give t(1).
16
Let z(o) = 23*o + 93. Calculate z(3).
162
Let t(u) = -288*u + 2011. Calculate t(7).
-5
Let n(k) = k**2 - 68*k - 365. What is n(-5)?
0
Let v(n) = 104*n**3 + 937*n**2 + 10*n + 3. Calculate v(-9).
-6
Let i(z) = z**2 + 356*z - 3931. What is i(11)?
106
Let v(l) = -2*l**3 + 455*l + 58. Give v(-15).
-17
Let x(c) = 628*c - 603. What is x(1)?
25
Let d(r) = -1895*r + 79590. Give d(42).
0
Let q(x) = 3*x - 70. Calculate q(13).
-31
Let j(t) = 2*t**3 + 9*t**2 - 7*t - 4. Give j(-5).
6
Let m(y) = 1036*y + 4149. Calculate m(-4).
5
Let m(k) = 8*k**2 + 1051*k + 1431. Calculate m(-130).
1
Let k(u) = -12*u + 197. Calculate k(-14).
365
Let t(b) = -81*b + 215. Determine t(3).
-28
Let f(q) = 11*q + 238. Give f(-22).
-4
Let h(m) = 4*m**2 - 27*m - 20. Calculate h(-1).
11
Let v(a) = 20*a**2 - 10*a + 20. Give v(2).
80
Let x(p) = -p**2 + 26*p + 184. What is x(-6)?
-8
Let d(i) = i**3 - 19*i**2 - 18*i - 46. Calculate d(20).
-6
Let m(z) = -z**3 - 11*z**2 + 13*z + 61. What is m(-12)?
49
Let t(m) = 4*m**2 + 83*m + 10. Determine t(0).
10
Let o(h) = h**2 - 27*h - 46. Determine o(-4).
78
Let b(l) = 2*l**3 + 31*l**2 + 29*l - 96. Calculate b(-14).
86
Let b(g) = -g**2 + 150*g + 1769. Give b(-11).
-2
Let o(x) = x**3 + 30*x**2 - 6*x - 148. What is o(-30)?
32
Let a(r) = -2*r**3 + 22*r**2 + 7*r - 40. Calculate a(9).
347
Let k(i) = -3*i**3 - 43*i**2 - 46*i + 104. What is k(-13)?
26
Let d(r) = r**2 + 8*r - 59. What is d(-13)?
6
Let h(p) = -9*p**2 - 112*p - 60. Determine h(-12).
-12
Let k(q) = 4*q**2 + 47*q - 73. What is k(-13)?
-8
Let q(z) = -486*z + 26719. What is q(55)?
-11
Let c(r) = 2*r**3 + 3*r**2 - 17*r + 116. Give c(4).
224
Let h(i) = 26*i + 48. What is h(-3)?
-30
Let c(r) = -r**3 + 2*r**2 - 3*r + 145. What is c(0)?
145
Let v(n) = -n**3 - 66*n**2 - 129*n - 72. Calculate v(-64).
-8
Let v(j) = -2*j**3 + 7*j**2 - 20*j + 63. Determine v(4).
-33
Let j(x) = -x**3 - 42*x**2 - 165*x - 492. Determine j(-38).
2
Let a(v) = -6*v**2 - 18*v - 9. What is a(-5)?
-69
Let x(j) = -j**3 + 23*j**2 - 58*j - 108. Give x(20).
-68
Let z(f) = -1048*f + 4221. Calculate z(4).
29
Let p(c) = -5*c**3 + 123*c**2 + 54*c - 94. Calculate p(25).
6
Let i(b) = b**3 - 64*b**2 - 126*b - 390. Calculate i(66).
6
Let l(a) = -5941*a + 53466. Determine l(9).
-3
Let k(n) = -1990*n + 13927. What is k(7)?
-3
Let h(v) = -47*v + 597. Calculate h(19).
-296
Let w(s) = -6*s**2 + 809*s + 137. What is w(135)?
2
Let c(q) = 70*q**2 - 9*q + 25. Give c(2).
287
Let o(a) = 13*a**2 + 883*a - 59. What is o(-68)?
9
Let o(x) = 13*x - 107. Give o(13).
62
Let i(n) = -n**2 + 208*n - 6800. Calculate i(40).
-80
Let p(o) = -302*o - 8. What is p(1)?
-310
Let j(l) = -214*l**3 + 22*l + 23. Calculate j(-1).
215
Let i(p) = p**3 + 52*p**2 + 55. Determine i(-52).
55
Let v(z) = -20*z + 905. What is v(45)?
5
Let c(n) = -6*n**3 - 962*n**2 - 328*n - 1258. Give c(-160).
22
Let l(r) = -159*r + 932. Give l(6).
-22
Let t(y) = -17*y**2 - 697*y + 2. Calculate t(-41).
2
Let k(u) = 278*u + 11670. Determine k(-42).
-6
Let k(r) = -85*r - 918. Calculate k(-13).
187
Let z(f) = -32*f + 859. Determine z(27).
-5
Let j(g) = 15935*g - 15934. What is j(1)?
1
Let t(k) = -369*k - 564. Determine t(-1).
-195
Let r(f) = -f**2 + 211*f + 1572. Determine r(218).
46
Let q(y) = 17*y**2 + 6*y - 9. What is q(2)?
71
Let h(d) = 41*d**2 - 5043*d + 9. Determine h(123).
9
Let x(v) = v**3 + 15*v**2 + 39*v + 178. Calculate x(-13).
9
Let h(p) = 2*p**3 - 49*p**2 + 25*p + 23. Determine h(24).
47
Let t(z) = -21*z + 295. Give t(41).
-566
Let p(d) = -d**2 + 19*d + 76. Give p(20).
56
Let b(m) = m**3 + 12*m**2 - 25*m + 7. Calculate b(-14).
-35
Let c(w) = 247*w**2 + 117*w + 118. Determine c(-1).
248
Let c(g) = -9*g**2 - 25*g + 97. Give c(4).
-147
Let y(k) = 72*k + 3269. What is y(-46)?
-43
Let j(s) = -2*s**2 + 44*s - 88. Calculate j(19).
26
Let m(t) = -12*t**2 - 634*t + 635. Give m(1).
-11
Let i(j) = j**2 + 10089*j - 80772. Give i(8).
4
Let g(y) = 576*y - 2929. Give g(5).
-49
Let m(g) = -786*g + 2. Give m(0).
2
Let r(w) = 21*w - 201. Give r(-9).
-390
Let v(y) = -y**3 + y**2 + 8*y - 6. Calculate v(3).
0
Let m(b) = -11*b**3 + 5*b**2 - 4*b - 27. Calculate m(3).
-291
Let u(f) = 131*f - 3467. Calculate u(26).
-61
Let u(m) = -m**3 - 20*m - 73. Give u(-5).
152
Let r(f) = 79311*f + 237927. What is r(-3)?
-6
Let v(u) = -9*u**2 + 48*u - 9. Give v(7).
-114
Let x(h) = -14*h**2 - 523*h - 681. Give x(-36).
3
Let k(j) = -2*j + 81. What is k(45)?
-9
Let l(n) = n**2 - 3940*n - 39493. What is l(-10)?
7
Let t(s) = -142*s + 649. Give t(9).
-629
Let d(l) = -47*l**3 + 147*l**2 - 3*l - 9. What is d(4)?
-677
Let r(k) = -869*k - 27814. What is r(-32)?
-6
Let f(x) = -16*x**2 + 49*x - 15. Determine f(8).
-647
Let i(u) = 70*u + 158. Determine i(-5).
-192
Let i(q) = q + 21. Calculate i(-28).
-7
Let h(p) = -p**3 + 154*p**2 + 1334*p + 308. Give h(-8).
4
Let f(v) = -v**3 + 62*v**2 + 122*v + 178. Give f(64).
-206
Let y(t) = t**3 - 100*t**2 + 54*t - 5459. What is y(100)?
-59
Let f(q) = 446*q - 1698. Give f(4).
86
Let p(j) = -6*j + 57. Give p(18).
-51
Let q(n) = -17*n**2 - 266*n + 73. Calculate q(-16).
-23
Let h(l) = 10*l**2 + 92*l + 267. Give h(-3).
81
Let l(t) = 594*t + 3575. Determine l(-6).
11
Let f(h) = -h**3 - 10*h**2 - 24*h - 83. Determine f(-9).
52
Let h(x) = -28*x**2 + 614*x + 48. Determine h(22).
4
Let p(f) = -483*f + 1579. Give p(3).
130
Let a(x) = 1147*x - 6873. Give a(6).
9
Let o(x) = 6*x**2 + 27*x - 61. Give o(9).
668
Let q(t) = 2764*t + 5525. Give q(-2).
-3
Let s(i) = 5*i - 538. Calculate s(59).
-243
Let n(u) = -6*u**2 - 59*u - 3. Give n(-10).
-13
Let o(g) = -37*g - 941. What is o(-26)?
21
Let d(i) = -4558*i - 31877. Give d(-7).
29
Let k(b) = -6*b + 423. Calculate k(73).
-15
Let b(s) = -37*s - 441. What is b(-12)?
3
Let g(x) = -1020*x - 4998. What is g(-5)?
102
Let b(h) = -5*h**3 - 14*h**2 - 13. Give b(-3).
-4
Let f(x) = -x**3 - 19*x**2 + 86*x - 50. What is f(-23)?
88
Let d(i) = i**2 + 47*i - 1. Calculate d(-42).
-211
Let x(g) = -23*g - 25. What is x(-2)?
21
Let l(t) = t**2 + 82*t + 597. Determine l(-74).
5
Let w(f) = -13*f + 39. Give w(4).
-13
Let g(y) = 8*y**2 - 21*y - 25. Calculate g(5).
70
Let q(g) = -g**3 + 36*g**2 + 14*g - 532. What is q(36)?
-28
Let q(k) = 406*k + 8. What is q(2)?
820
Let p(d) = 35*d + 890. What is p(-29)?
-125
Let b(c) = 23*c - 647. Determine b(27).
-26
Let s(c) = 78*c + 1482. Determine s(-19).
0
Let b(w) = 125*w + 2607. Give b(-21).
-18
Let o(r) = -8*r + 58. Give o(8).
-6
Let o(g) = -55*g - 380. Determine o(-5).
-105
Let k(y) = -2*y**2 + 16*y - 12. What is k(10)?
-52
Let f(q) = 791*q + 10305. Determine f(-13).
22
Let p(r) = -r**3 + 39*r**2 + 41*r - 29. Give p(40).
11
Let o(x) = 454*x**3 + 3*x**2 - 2*x. Give o(1).
455
Let g(n) = -77*n - 108. Calculate g(-3).
123
Let o(z) = z**3 - 36*z**2 + 34*z - 56. Calculate o(35).
-91
Let g(q) = 384*q - 30343. Determine g(79).
-7
Let o(s) = -190*s + 14. Give o(-1).
204
Let t(g) = -207*g + 121. Determine t(-2).
535
Let v(m) = m**3 - 2*m**2 + 436*m + 438. Give v(-1).
-1
Let n(y) = y**3 + 29*y**2 + 72*y - 169. Determine n(-26).
-13
Let n(x) = x**3 - 15*x**2 - 12*x + 7. Calculate n(16).
71
Let h(c) = c**3 + 26*c**2 + 166*c - 16. Determine h(-14).
12
Let k(l) = -16*l**3 + 11*l - 10. What is k(1)?
-15
Let g(p) = 2*p**2 + 209*p - 131. Give g(-106).
187
Let a(m) = 5*m**2 + 54*m + 7. Give a(-11).
18
Let a(b) = -22*b - 11. Calculate a(3).
-77
Let f(g) = 2*g**3 + 60*g**2 - 55. Calculate f(-30).
-55
Let b(q) = 3*q - 15. What is b(-14)?
-57
Let t(m) = -1572*m - 141490. What is t(-90)?
-10
Let l(f) = -52*f + 162. Calculate l(4).
-46
Let j(t) = -15*t**2 - 78*t + 74. What is j(-6)?
2
Let a(u) = 2*u**2 - 40*u - 126. Give a(23).
12
Let p(k) = -2460*k + 14759. Determine p(6).
-1
Let p(r) = -34*r + 309. Determine p(8).
37
Let s(b) = 22*b**2 + 106*b + 5. Determine s(-5).
25
Let j(r) = -23*r + 90. Determine j(3).
21
Let m(y) = 4*y**3 + 14*y**2 + 14*y + 45. Give m(-3).
21
Let h(v) = 42*v - 16. Calculate h(4).
152
Let i(v) = 266*v + 1521. Calculate i(-6).
-75
Let s(k) = k**3 - 2*k**2 + 11*k + 21. What is s(-4)?
-119
Let z(o) = 9*o + 124. Determine z(-15).
-11
Let l(u) = 354*u + 33. Determine l(0).
33
Let b(y) = -6